e n(4).
-65
Let d(x) = x**3 + 8*x**2 - 51*x + 83. Determine d(-12).
119
Let g(d) = -d**2 + d + 79. Calculate g(-7).
23
Let h(w) = -w**3 - 79*w**2 - 692*w - 124. Give h(-69).
14
Let r(x) = -x**2 - 44*x - 91. Calculate r(-21).
392
Let j(v) = -6*v**2 + 95*v + 167. What is j(17)?
48
Let b(j) = -j**3 + 10*j**2 + 129*j + 274. What is b(18)?
4
Let q(w) = -7*w**3 + 4*w**2 - 3*w - 3. Determine q(1).
-9
Let b(x) = -x - 2. Determine b(-10).
8
Let f(a) = 64*a - 274. Give f(5).
46
Let u(r) = -18*r**3 - 1638*r**2 - 2*r - 185. What is u(-91)?
-3
Let a(n) = -n**2 - 43*n - 270. Give a(-7).
-18
Let z(l) = l**3 - 2*l**2 - 3*l + 148. Give z(0).
148
Let g(v) = 2*v**2 + 4*v - 266. Determine g(11).
20
Let o(n) = -3*n**2 - 181*n - 781. Give o(-56).
-53
Let p(w) = -w**3 - 15*w**2 + 115*w - 10. Give p(5).
65
Let p(d) = d**3 + 4*d**2 - 84*d + 12. Give p(-11).
89
Let b(l) = -l**3 + 5*l**2 - 27*l + 189. What is b(7)?
-98
Let n(r) = 11518*r + 46080. Calculate n(-4).
8
Let k(q) = 158*q - 744. Determine k(5).
46
Let n(y) = 4*y - 62. Calculate n(30).
58
Let h(v) = v**3 + 16*v**2 - 28*v - 430. Determine h(-16).
18
Let s(q) = q**3 + 8*q**2 - 76*q - 50. What is s(-13)?
93
Let d(s) = -1116*s + 10076. Calculate d(9).
32
Let w(o) = -4*o**2 + 711*o - 5445. Give w(8).
-13
Let r(j) = j**2 - 67*j + 61. What is r(66)?
-5
Let f(z) = -z**3 + 14*z**2 - 594*z + 4940. Determine f(9).
-1
Let y(g) = 3*g**2 + 187*g + 239. Give y(-61).
-5
Let t(f) = 36*f - 525. Determine t(16).
51
Let j(u) = u**3 - 3*u**2 - 11*u + 20. Determine j(6).
62
Let n(d) = -2*d**2 + 284*d - 2623. Calculate n(132).
17
Let g(h) = -2*h**2 - 5*h + 730. Determine g(0).
730
Let l(y) = -y**3 - 5*y**2 - 152*y - 1389. What is l(-8)?
19
Let x(w) = w**2 - 94*w - 17948. Determine x(-95).
7
Let c(d) = -10*d - 262. What is c(-31)?
48
Let z(p) = -p**2 - 301*p - 22596. What is z(-158)?
-2
Let s(m) = m**2 + 71*m - 383. Calculate s(-77).
79
Let k(y) = 239*y - 57. Give k(3).
660
Let x(j) = -2*j**3 - 195*j**2 - 3324*j - 37. Calculate x(-22).
7
Let p(h) = 2*h**3 - 12*h**2 + 7*h + 4. Calculate p(7).
151
Let p(s) = -s**3 - 22*s**2 - 39*s - 5. Calculate p(-20).
-25
Let t(l) = -66*l + 3767. Determine t(57).
5
Let f(r) = -2*r**2 - 118*r + 169. What is f(-60)?
49
Let r(p) = 9*p**3 + 91*p**2 + 15*p + 30. Determine r(-10).
-20
Let a(h) = h**2 - h - 3. Calculate a(9).
69
Let a(r) = -10*r**2 - 420*r - 92. What is a(-42)?
-92
Let b(w) = -2*w**2 - 119*w + 16. Calculate b(-57).
301
Let p(f) = f**2 - 19*f + 64. Give p(14).
-6
Let y(k) = 4*k**3 - 46*k**2 - 52*k + 1113. Calculate y(10).
-7
Let f(s) = -5*s**2 + 56*s - 108. Calculate f(3).
15
Let w(g) = -105*g + 4621. Determine w(44).
1
Let q(c) = 2*c**3 - 52*c**2 + 22*c - 590. Give q(26).
-18
Let j(a) = -a**3 + 25*a**2 - a - 302. Give j(0).
-302
Let a(b) = b**3 + 15*b**2 - 18*b - 53. What is a(-16)?
-21
Let t(z) = 4*z**2 - 116*z + 666. What is t(8)?
-6
Let l(c) = -156*c - 1614. Calculate l(-12).
258
Let q(x) = -x**2 - 38*x + 5792. Give q(59).
69
Let z(n) = -4*n**2 - 271*n + 851. What is z(3)?
2
Let r(l) = -106*l - 32. Give r(-1).
74
Let x(w) = -w**2 + 56*w + 296. Calculate x(61).
-9
Let k(p) = -60*p - 1665. Determine k(-28).
15
Let r(m) = 614*m + 4314. Calculate r(-7).
16
Let i(d) = -865*d - 77847. What is i(-90)?
3
Let h(o) = -32*o + 296. Determine h(27).
-568
Let s(i) = -i**3 - 6*i**2 + 88*i - 46. Give s(-13).
-7
Let t(p) = p**2 + 105*p + 105. Give t(-1).
1
Let f(q) = q**3 + 36*q**2 + 336*q + 392. What is f(-14)?
0
Let t(x) = 2*x**3 - 28*x**2 + 16*x + 182. Determine t(13).
52
Let v(j) = j**3 - 134*j**2 + 1572*j + 115. Give v(121).
-6
Let y(c) = -375*c + 2633. Calculate y(7).
8
Let y(z) = -2*z**2 - 7*z + 78. What is y(7)?
-69
Let s(b) = 32*b**2 + 5*b - 6. Calculate s(1).
31
Let z(r) = 7*r + 276. Calculate z(-41).
-11
Let n(f) = -f**3 + 53*f**2 - 397*f + 39. Calculate n(44).
-5
Let x(z) = -z**3 - 14*z**2 - 14*z - 4. Give x(-13).
9
Let l(k) = -2*k - 143. Determine l(-41).
-61
Let o(p) = -217*p + 4383. Determine o(20).
43
Let o(p) = -p**2 - 48*p - 338. What is o(-9)?
13
Let j(a) = a**3 - 62*a**2 + 63*a - 145. What is j(61)?
-23
Let n(g) = -3*g**2 + 2*g + 280. Calculate n(10).
0
Let b(q) = -q**3 - 52*q**2 - 422*q - 70. Give b(-42).
14
Let y(a) = -2*a**2 + 29*a + 26. Determine y(15).
11
Let c(a) = -14*a + 33. Give c(-1).
47
Let h(y) = -8*y**2 + 153*y + 711. What is h(23)?
-2
Let l(k) = -366*k + 16769. Give l(46).
-67
Let y(f) = f**3 + 2*f**2 - 13*f - 21. What is y(0)?
-21
Let g(r) = -9*r**2 + 304*r + 63. Calculate g(34).
-5
Let a(x) = x**3 + 5*x**2 - 10*x - 21. Calculate a(-6).
3
Let z(h) = 2*h**2 - 6*h - 24. Calculate z(-12).
336
Let l(d) = -d**3 + 8*d**2 - 9*d - 45. Give l(6).
-27
Let z(b) = -b**2 - 37*b + 44. Give z(-13).
356
Let r(o) = -13*o + 60. Calculate r(22).
-226
Let p(z) = -z**3 + 25*z**2 + 14*z - 20. Determine p(25).
330
Let n(o) = 1693*o - 3385. Determine n(2).
1
Let x(m) = -52*m + 118. Determine x(8).
-298
Let q(d) = 608*d + 3633. Calculate q(-6).
-15
Let b(j) = -2*j**3 + 53*j**2 - 45*j - 1805. Calculate b(24).
-5
Let v(k) = 107*k + 779. What is v(-7)?
30
Let v(w) = -2*w + 51. What is v(11)?
29
Let q(l) = 639*l + 2627. Calculate q(-4).
71
Let j(x) = -x**3 - 24*x**2 + 388*x + 99. Give j(-35).
-6
Let j(n) = 28623*n - 715573. Determine j(25).
2
Let p(b) = 2*b**3 - b**2 - 22*b - 189. What is p(0)?
-189
Let z(g) = -363*g**2 - 7620*g + 18. Calculate z(-21).
-45
Let t(a) = -169*a - 4075. Calculate t(-24).
-19
Let s(l) = -l**2 + 12*l + 1324. Determine s(43).
-9
Let m(j) = -815*j + 55414. What is m(68)?
-6
Let m(r) = 5*r**2 + 88*r - 568. Calculate m(5).
-3
Let u(v) = 133*v + 82. Determine u(0).
82
Let p(x) = -6*x - 29. Determine p(-18).
79
Let x(g) = 44*g + 75. Calculate x(-3).
-57
Let c(t) = -4*t**3 + 15*t**2 - 673*t + 2709. What is c(4)?
1
Let g(z) = 4*z - 101. What is g(-7)?
-129
Let g(x) = -3*x**3 + 71*x**2 + 24*x + 10. Calculate g(24).
10
Let z(o) = 74*o + 18. Give z(-2).
-130
Let q(h) = h**3 + 6*h**2 - 3*h - 3. Determine q(-6).
15
Let m(g) = 2*g**3 - 28*g**2 - 10*g + 88. Calculate m(14).
-52
Let v(x) = x**2 - 71*x - 888. Give v(-11).
14
Let u(r) = -3*r**3 - 47*r**2 - 118*r - 8. Determine u(-3).
4
Let r(b) = 236*b + 2620. What is r(-9)?
496
Let d(a) = -a**3 + 11*a**2 - 8*a + 178. Calculate d(12).
-62
Let w(m) = 149*m + 5065. What is w(-34)?
-1
Let n(m) = 14*m - 47. Calculate n(18).
205
Let c(m) = -1549*m + 49569. Give c(32).
1
Let z(d) = 559*d - 3363. Give z(6).
-9
Let r(k) = 2*k**2 - 165*k - 680. Calculate r(-4).
12
Let l(p) = p**3 + 11*p**2 + 9*p - 96. Determine l(-6).
30
Let b(p) = -6*p - 1. Determine b(0).
-1
Let t(s) = 2*s**3 - 18*s**2 + 20*s + 30. Calculate t(5).
-70
Let c(u) = 2*u + 15. Calculate c(-13).
-11
Let u(f) = 74*f - 1036. What is u(14)?
0
Let b(p) = -p**3 - 15*p**2 - 16*p + 156. Give b(-10).
-184
Let y(w) = -w**2 - 130*w + 177. Give y(-131).
46
Let p(c) = 8*c + 304. What is p(-37)?
8
Let q(x) = 10*x**3 + 90*x**2 - 514*x + 76. What is q(-13)?
-2
Let n(m) = m**3 + 16*m**2 + 32*m - 11. Determine n(-14).
-67
Let k(z) = -z**2 - 582*z + 8950. Calculate k(15).
-5
Let h(u) = 12*u - 28. Give h(9).
80
Let f(z) = 3948*z + 27. Calculate f(0).
27
Let i(f) = -f**3 - 57*f**2 + 64*f + 303. Give i(-58).
-45
Let u(v) = v**2 + 66*v + 273. What is u(-5)?
-32
Let y(h) = 7*h**2 + 25*h + 5. Give y(-3).
-7
Let a(l) = l**2 - 65*l - 2193. Give a(90).
57
Let r(n) = -2*n**2 + 20*n - 115. What is r(10)?
-115
Let m(d) = -20*d**3 - 2*d**2 - 3*d - 10. Determine m(-2).
148
Let s(t) = -2*t**2 - 121*t - 244. Calculate s(-59).
-67
Let y(h) = -h**2 - 15*h. Calculate y(-16).
-16
Let y(u) = 5*u**2 + 61*u - 1239. What is y(-23)?
3
Let d(i) = 84*i - 353. Determine d(4).
-17
Let s(v) = -53*v - 624. Give s(-10).
-94
Let h(z) = -3*z**2 + 136*z - 295. Determine h(43).
6
Let c(v) = -v**2 - 232*v - 8732. Give c(-185).
-37
Let p(a) = -a**3 - 10*a**2 - 261*a - 1651. Calculate p(-7).
29
Let c(y) = 310*y - 1496. Calculate c(5).
54
Let v(w) = -487*w - 178. Give v(-2).
796
Let k(j) = j**3 + 20*j**2 + 29*j + 35. Determine k(-18).
161
Let x(k) = -593*k + 29052. Calculate x(49).
-5
Let g(s) = 28*s**2 - 677*s + 140. Determine g(24).
20
Let z(g) = 16*g**2 - 76*g + 85. Give z(3).
1
Let o(r) = 16*r**2 - 11*r - 10. Calculate o(-1).
17
Let g(y) = -20*y + 2189. Give g(109).
9
Let f(a) = -2*a**3 - 6*a**2 + 21*a + 186. Give f(-6).
276
Let j(k) 